-1
What is 0 (base 8) in base 6?
0
What is 2 (base 13) in base 16?
2
-4 (base 12) to base 7
-4
-1 (base 14) to base 2
-1
Convert 4 (base 14) to base 15.
4
7a (base 11) to base 3
10020
What is -2232 (base 5) in base 2?
-100111101
What is -f (base 16) in base 13?
-12
153 (base 10) to base 14
ad
Convert -b9 (base 14) to base 16.
-a3
2101 (base 4) to base 5
1040
4 (base 16) to base 8
4
-1 (base 11) to base 13
-1
-13 (base 14) to base 13
-14
471 (base 8) to base 15
15d
What is -13 (base 5) in base 14?
-8
Convert 11002 (base 3) to base 4.
1232
What is -5 (base 16) in base 3?
-12
Convert -51 (base 14) to base 10.
-71
What is -24 (base 16) in base 11?
-33
3 (base 7) to base 9
3
What is 311 (base 10) in base 11?
263
What is -1 (base 5) in base 7?
-1
What is 20111 (base 3) in base 12?
127
Convert 4 (base 12) to base 14.
4
2 (base 8) to base 16
2
What is -132 (base 5) in base 13?
-33
Convert bf (base 16) to base 6.
515
What is -109 (base 11) in base 6?
-334
What is -101110 (base 2) in base 10?
-46
Convert -52 (base 6) to base 3.
-1012
-110000 (base 2) to base 10
-48
What is 100 (base 2) in base 4?
10
Convert -4 (base 9) to base 7.
-4
What is 100 (base 2) in base 3?
11
16 (base 7) to base 9
14
Convert -4 (base 11) to base 3.
-11
Convert 4 (base 13) to base 7.
4
What is -101101111 (base 2) in base 7?
-1033
What is -12 (base 3) in base 10?
-5
Convert -1 (base 9) to base 13.
-1
-4 (base 10) to base 9
-4
-10000 (base 2) to base 9
-17
b (base 16) to base 6
15
Convert -11 (base 3) to base 2.
-100
What is -2 (base 5) in base 14?
-2
Convert -32 (base 8) to base 12.
-22
Convert -32 (base 7) to base 8.
-27
58 (base 13) to base 7
133
Convert c7 (base 13) to base 14.
b9
Convert -141 (base 7) to base 10.
-78
Convert -1011 (base 2) to base 3.
-102
What is 1140 (base 5) in base 6?
442
What is -15 (base 8) in base 10?
-13
-2 (base 11) to base 13
-2
Convert -11001 (base 2) to base 13.
-1c
Convert 5 (base 8) to base 13.
5
What is -101 (base 6) in base 10?
-37
What is 6 (base 14) in base 3?
20
What is 110 (base 2) in base 3?
20
Convert 3202 (base 4) to base 2.
11100010
Convert 11021 (base 3) to base 12.
97
-100011 (base 2) to base 4
-203
What is 81 (base 16) in base 12?
a9
Convert -12 (base 4) to base 12.
-6
Convert 11 (base 9) to base 6.
14
33 (base 14) to base 3
1200
-110 (base 2) to base 9
-6
-22 (base 4) to base 9
-11
What is 2 (base 5) in base 9?
2
-179 (base 13) to base 12
-1a5
Convert 10100 (base 3) to base 9.
110
Convert -12 (base 3) to base 10.
-5
111 (base 3) to base 4
31
What is -1 (base 11) in base 5?
-1
What is 10110 (base 2) in base 9?
24
Convert 100001 (base 3) to base 12.
184
What is 32 (base 5) in base 12?
15
What is 3 (base 6) in base 15?
3
-34 (base 5) to base 3
-201
Convert 102 (base 9) to base 4.
1103
Convert 122 (base 10) to base 2.
1111010
What is 13 (base 5) in base 11?
8
Convert -43 (base 7) to base 15.
-21
Convert 4 (base 12) to base 16.
4
8 (base 12) to base 8
10
What is 1 (base 4) in base 8?
1
Convert 13 (base 7) to base 9.
11
Convert -3 (base 5) to base 13.
-3
3 (base 6) to base 14
3
Convert -281 (base 9) to base 12.
-177
Convert -4 (base 7) to base 15.
-4
What is 1 (base 4) in base 5?
1
Convert 27 (base 14) to base 6.
55
What is 1 (base 14) in base 12?
1
-2 (base 6) to base 11
-2
What is 8 (base 14) in base 11?
8
34 (base 5) to base 16
13
What is -7 (base 13) in base 7?
-10
30 (base 8) to base 5
44
Convert -102 (base 6) to base 7.
-53
Convert -7 (base 10) to base 16.
-7
Convert -20 (base 15) to base 6.
-50
Convert 100210 (base 3) to base 13.
174
105 (base 6) to base 4
221
311 (base 5) to base 10
81
Convert -17 (base 12) to base 2.
-10011
Convert -23 (base 9) to base 2.
-10101
Convert -111 (base 5) to base 12.
-27
-44 (base 7) to base 5
-112
3 (base 6) to base 7
3
Convert 2 (base 13) to base 8.
2
What is -10 (base 10) in base 4?
-22
What is 0 (base 3) in base 4?
0
What is 93 (base 10) in base 3?
10110
Convert 35 (base 9) to base 6.
52
What is -20 (base 8) in base 2?
-10000
Convert 14 (base 10) to base 5.
24
What is -1 (base 8) in base 11?
-1
-15d (base 15) to base 4
-10321
What is 7 (base 16) in base 13?
7
What is -4 (base 16) in base 4?
-10
122 (base 6) to base 2
110010
What is 3 (base 7) in base 6?
3
What is 3 (base 14) in base 2?
11
Convert f (base 16) to base 8.
17
Convert -20 (base 3) to base 10.
-6
What is 3 (base 16) in base 12?
3
What is 4 (base 14) in base 3?
11
-7 (base 11) to base 15
-7
What is 2 (base 8) in base 4?
2
Convert 33 (base 8) to base 10.
27
What is -120 (base 5) in base 8?
-43
12000 (base 3) to base 2
10000111
Convert 3 (base 11) to base 8.
3
Convert -1 (base 14) to base 7.
-1
What is -17b (base 12) in base 3?
-22212
-3 (base 4) to base 5
-3
What is 3d (base 15) in base 13?
46
What is -74 (base 16) in base 2?
-1110100
What is -211 (base 4) in base 15?
-27
-101 (base 8) to base 3
-2102
Convert 10000011 (base 2) to base 6.
335
What is -10020 (base 3) in base 7?
-153
Convert 132 (base 7) to base 13.
57
Convert 3221 (base 4) to base 15.
108
1 (base 10) to base 13
1
What is -66 (base 7) in base 6?
-120
-13c (base 13) to base 7
-433
-1 (base 11) to base 16
-1
1100 (base 2) to base 15
c
-313 (base 5) to base 4
-1103
11 (base 4) to base 5
10
0 (base 15) to base 7
0
What is -8 (base 12) in base 2?
-1000
1 (base 11) to base 13
1
Convert 405 (base 7) to base 12.
149
Convert -2b (base 12) to base 13.
-29
Convert -100 (base 3) to base 6.
-13
2 (base 3) to base 14
2
-3 (base 7) to base 13
-3
1f (base 16) to base 5
111
-5 (base 8) to base 6
-5
What is 4 (base 12) in base 10?
4
What is 42 (base 14) in base 15?
3d
What is -71 (base 13) in base 2?
-1011100
What is -1 (base 16) in base 4?
-1
64 (base 15) to base 4
1132
-13b (base 12) to base 4
-2333
Convert -2 (base 16) to base 8.
-2
What is 1121 (base 3) in base 10?
43
What is -242 (base 5) in base 7?
-132
Convert 154 (base 10) to base 13.
bb
What is 5 (base 10) in base 13?
5
Convert -3 (base 5) to base 10.
-3
What is -5 (base 15) in base 11?
-5
15c (base 13) to base 12
186
What is 62 (base 7) in base 5?
134
Convert -222 (base 3) to base 10.
-26
-64 (base 14) to base 16
-58
Convert -3 (base 14) to base 9.
-3
1 (base 8) to base 11
1
Convert -2 (base 13) to base 16.
-2
Convert -5c (base 14) to base 10.
-82
What is -15 (base 7) in base 11?
-11
What is 1101110 (base 2) in base 13?
86
Convert 1 (base 8) to base 9.
1
1 (base 11) to base 4
1
What is 101 (base 2) in base 9?
5
60 (base 8) to base 16
30
-3312 (base 4) to base 7
-501
Convert 4 (base 12) to base 3.
11
Convert -45 (base 6) to base 5.
-104
Convert -110 (base 8) to base 13.
-57
-64 (base 13) to base 7
-145
22 (base 15) to base 13
26
What is -10 (base 9) in base 15?
-9
What is -3 (base 14) in base 11?
-3
What is -332 (base 5) in base 3?
-10102
Convert -20 (base 3) to base 5.
-11
-1010 (base 5) to base 2
-10000010
6 (base 8) to base 10
6
Convert 25 (base 8) to base 13.
18
What is -25 (base 6) in base 10?
-17
Convert -6 (base 12) to base 4.
-12
Convert 4 (base 16) to base 14.
4
What is 3 (base 10) in base 2?
11
-3 (base 6) to base 15
-3
Convert -2c (base 14) to base 15.
-2a
-89 (base 10) to base 3
-10022
Convert 3 (base 12) to base 15.
3
What is 9 (base 14) in base 2?
1001
2 (base 12) to base 4
2
What is -5 (base 11) in base 10?
-5
What is -6 (base 13) in base 10?
-6
Convert -5 (base 12) to base 4.
-11
-28 (base 11) to base 9
-33
245 (base 7) to base 6
335
What is -3 (base 12) in base 11?
-3
Convert -31 (base 8) to base 9.
-27
-50 (base 8) to base 12
-34
What is 52 (base 15) in base 16?
4d
What is -216 (base 12) in base 7?
-615
What is 10110101 (base 2) in base 6?
501
1 (base 12) to base 3
1
Convert d (base 14) to base 15.
d
-1000 (base 2) to base 3
-22
-33 (base 15) to base 4
-300
What is 17 (base 13) in base 2?
10100
Convert -10 (base 11) to base 14.
-b
Convert -13 (base 7) to base 8.
-12
Convert 24 (base 6) to base 3.
121
-1 (base 9) to base 7
-1
22 (base 11) to base 2
11000
Convert 196 (base 12) to base 6.
1110
Convert -4 (base 11) to base 7.
-4
What is 15 (base 6) in base 10?
11
What is -1 (base 6) in base 8?
-1
Convert 29 (base 13) to base 8.
43
-3 (base 10) to base 3
-10
Convert -83 (base 12) to base 8.
-143
Convert -100 (base 10) to base 4.
-1210
Convert 1002 (base 3) to base 11.
27
Convert -11 (base 8) to base 4.
-21
Convert -1